) - 1. Suppose -4*f + 29 = 4*c - 71, 110 = 3*c - 4*f. Let a = c + n. Is a a composite number?
True
Is -3 - 1 - (-9675 + -6) composite?
False
Let x(o) = 109*o + 5. Let n(u) = -109*u - 4. Let w(s) = 3*n(s) + 4*x(s). Let h be w(11). Let v = -690 + h. Is v composite?
True
Let o = -25 - -29. Suppose 1665 = o*a - 1607. Is a a composite number?
True
Let r be (-6 + -2)*(15/20 - 0). Is (r/9)/((-2)/2763) a composite number?
True
Let f(t) be the third derivative of -t**6/30 - t**5/12 - t**4/6 - t**3/6 - 21*t**2. Is f(-5) composite?
True
Suppose -1692 - 2430 = -6*h. Suppose 5*l - k = 1162, 4*l = l + 4*k + h. Is l a prime number?
True
Let z(l) = 17*l**2 + 3*l + 25. Let c be z(-10). Suppose -371 + c = 4*n. Is n prime?
True
Let w(d) = 3*d**2 + 13*d - 7. Let y be w(12). Suppose -k + y + 600 = 0. Is k a composite number?
False
Is 61562/6*((-112)/(-16) - 4) prime?
True
Let h = -69 - -63. Let z(i) = 6 + 5*i**2 - 1 - 4*i + 2. Is z(h) a prime number?
True
Let z(m) = 52*m + 3. Let t(j) = 4 - j - 3 + 22*j**2 - 20*j**2 + j**3. Let s be t(-2). Is z(s) composite?
True
Let s(h) be the third derivative of -h**6/120 + 3*h**5/20 + 7*h**4/24 + 7*h**3/6 - h**2. Suppose 0 - 20 = -2*p + 4*f, 3*f - 29 = -4*p. Is s(p) prime?
True
Suppose 1230 - 5550 = -2*p. Suppose 4*j - 1316 - p = 0. Is j a prime number?
False
Let o(t) = -342*t - 1. Let c = 7 + 11. Let r be ((-2)/(-3))/((-12)/c). Is o(r) composite?
True
Let u = 65 + -63. Is (4535/u - 1)*2/3 composite?
False
Is (-18)/3*1 + (-8451)/(-3) a composite number?
True
Let v(y) = y**3 - y**2 + 10. Suppose 11 = 5*n - 4, 4*x + 9 = 3*n. Let o be v(x). Let q(d) = d**2 - 3*d + 15. Is q(o) composite?
True
Suppose -9*g - 9*g = 18504. Let p = 3465 + g. Is p a composite number?
False
Let n(l) = -7684*l + 47. Is n(-3) composite?
False
Let l be 0/(0 - 3) - -309. Let b = -74 + l. Is b a composite number?
True
Suppose -2*w = -4, 2*a + w + 298 = -4*w. Suppose 105 = -l - 188. Let x = a - l. Is x a prime number?
True
Is (-13)/156 - 52298/(-24) a prime number?
True
Suppose 0 = -2*r + 3*r - 2. Is (-12)/(-1 - -7)*(-251)/r prime?
True
Let d = 89 - 89. Suppose 7*j + j - 3992 = d. Is j composite?
False
Let q = -137 - -2292. Is q a prime number?
False
Let n be (-1)/(3/9) - -8. Suppose 418 = -n*x + 4308. Is x composite?
True
Let p(v) = -v**2 + 8*v - 5. Let r be p(7). Suppose 304 = 2*i - 4*d, r*d = -i - d + 147. Suppose 2*m = -2*t - 2*m + i, 2*m = t - 79. Is t composite?
True
Is 3916575/165 + 4/22 composite?
True
Let l(b) be the third derivative of -73*b**8/3360 + b**6/720 + b**4/3 - 5*b**2. Let t(c) be the second derivative of l(c). Is t(-1) composite?
True
Let o = 2917 - 1908. Is o a prime number?
True
Let n = 18 - 17. Let z be n/4 + 13338/24. Suppose -4*m + 528 = 2*d, -4*m - d = -6*d - z. Is m prime?
False
Suppose 3*p + 9892 = 2*q + 52611, -2*p + 28466 = -4*q. Is p a prime number?
True
Suppose 4*b = -0*b + 4*t + 4444, 0 = 2*b + t - 2231. Suppose 0 = 2*p - u - b, -u = -p + 3*p - 1122. Is p a composite number?
True
Let r = 6 - 2. Suppose 3*p + 3*h - 8 = 4*p, -r*h = -4*p. Suppose -4*i + 465 = 5*x, 122 = p*x - 3*i - 219. Is x a composite number?
False
Let b be (-4)/(-6)*-3 - -7. Suppose -b*z - 5*f = -4*z + 23, 0 = f + 5. Is ((-1004)/(-16))/(z/8) a prime number?
True
Let j = -100 - -104. Suppose 2*c = j*l + 654, -l + 0*l + 1016 = 3*c. Is c a prime number?
True
Suppose 2*b - 1445 = -t + b, 3*t - 4305 = 3*b. Suppose -2*n - 2*r - 70 = -t, n = -4*r + 697. Is n prime?
False
Let o(u) = -1426*u - 49. Is o(-3) a composite number?
False
Let g = 2782 - 895. Let j = g - 770. Is j prime?
True
Let c(u) = -2*u - 18. Let a be c(-13). Suppose 2*x - a = x. Is 500 - (3 - (x + -4)) prime?
False
Let d = -10 + 9. Is 161/((d/2)/((-2)/4)) a prime number?
False
Let m(q) = 91*q - 7. Let i be m(2). Let h = -120 + i. Is h composite?
True
Let y(x) = 36*x**3 - 11*x**2 - 39*x + 273. Is y(13) composite?
True
Suppose 0 = -3*g + 4*f + 315629, 5*g = f + 1019 + 525018. Is g a composite number?
True
Let x(t) = -1778*t - 17. Is x(-1) a composite number?
True
Suppose -3*r = -5*y + 24, -3*r + 1 - 25 = -3*y. Let t = -10 - r. Is (-385)/(-15) - t/6 composite?
True
Suppose -8*x + 3 = -7*x. Suppose x*k - 223 = -2*d, -2*k - 650 + 45 = -5*d. Is d a composite number?
True
Suppose 4*t = -3*u + t - 15, 3*u = -5*t - 11. Let a(c) be the second derivative of -2*c**3/3 + 5*c**2/2 - c. Is a(u) composite?
True
Let y be -1 + 400 + (2 - 2). Suppose 0 = 12*r - y - 3573. Is r prime?
True
Is 36/(-54)*(-114378)/4 prime?
False
Is (154/21 - 6)*(-21786)/(-8) a composite number?
False
Suppose 27*u + 6586 = 29*u. Is u a composite number?
True
Is (-355874)/(-38) - (-2)/(-19) prime?
False
Let o(a) = 302*a**2 + 6*a + 87. Is o(-8) prime?
False
Let q be (-5 + -181)*(-14)/4. Is q/(-84)*(-5 - -1) a composite number?
False
Suppose 25 = -p + 116. Let g be (-411)/(-2) + (-11)/(-22). Let l = g - p. Is l a composite number?
True
Let a = -17 - -20. Suppose -385 = a*c + 611. Let i = -65 - c. Is i prime?
False
Let w(a) = -855*a - 1072. Is w(-17) a composite number?
False
Suppose 2*o + 4*r - 18 = 0, 2*o - 12 = -4*r + 3*r. Suppose -o*n = -3*q - 5999, 5*q = 4*n - 4922 + 128. Is n a composite number?
False
Let v = -133564 - -198155. Is v a composite number?
False
Let p be (-1)/(-3) + 87/(-18)*-74. Let r = p - 192. Is r a prime number?
False
Is -53*4*67*5/(-20) a composite number?
True
Is 1727 - 76 - (-1 - 5) a prime number?
True
Suppose -o = -2780 - 1701. Is o prime?
True
Suppose -1211 = 3*p + 121. Let f = 871 + p. Is f a composite number?
True
Suppose -10590 = -5*l + 4000. Is l composite?
True
Let y = -2935 + 17612. Is y prime?
False
Suppose -5*s = -1116 - 1244. Let z = -202 + s. Suppose o = 1091 - z. Is o a prime number?
True
Let b(d) be the third derivative of d**6/120 + d**5/5 + 5*d**4/12 - 5*d**3/3 + 4*d**2. Is b(-8) prime?
False
Let j = 10 + -9. Let w = j - -3. Is w/6 - 122/(-6) a prime number?
False
Let g = 26816 + -8953. Is g prime?
True
Let v(s) = 1399*s**2 - s + 1. Let d = 27 - 24. Suppose d*w - 7 = 2*z, -z + 15 = 4*w + 2. Is v(z) a composite number?
False
Let o(z) = 53*z + 163. Is o(12) a composite number?
True
Suppose 3*u + 8 = -2*g - 2*g, 2*u = 4*g - 12. Let i be (u/3)/(4/(-12)). Suppose 75 = v - 2*r, 3*r + 325 = 8*v - i*v. Is v composite?
True
Let k = -16 + -3. Let q = -14 - k. Suppose 3*u - 3*g = -q*g + 741, 494 = 2*u + 2*g. Is u a composite number?
True
Let s(w) = 49*w - 3. Let k(v) = v**2 + 16*v + 38. Let d be k(-14). Is s(d) a prime number?
True
Suppose -908068 = -16*w - 318356. Is w a prime number?
True
Suppose 0 = 4*x - 5*f - 28, -4*x + 3*f = -8*x - 4. Suppose 2*w + o = -w + 1465, 3*w = x*o + 1453. Is w a prime number?
True
Let b = 10 - 18. Let m be (b/12)/((-2)/21). Suppose -1195 = 2*f - m*f. Is f composite?
False
Suppose -2*q = 2*q - 88. Suppose -2*j + 4*j - q = 0. Is 3333/j + 4 + 0 prime?
True
Let h be -2 - (924/(-1) + 1). Let o = -24 - 82. Let s = h + o. Is s a composite number?
True
Suppose 4 = 4*q - 4. Let z(t) = 20*t**2 - 6*t**2 + 11*t**2 - 3*t - 3 + 6. Is z(q) a prime number?
True
Let r(d) = -805*d - 127. Is r(-12) a composite number?
False
Let j be (-1 - -3) + -2 - 0. Suppose j = c - 2*q + 369, -1131 = 3*c + 5*q - 3*q. Is (-1)/(-4) + c/(-20) prime?
True
Let m be 0 + -4 - -1*6. Suppose 39 = m*x + x. Suppose -24 - x = -p. Is p prime?
True
Let i = -12 + 1. Let m be i/(-44) + 30/8. Suppose 0 = -m*y - 8 + 484. Is y a composite number?
True
Suppose 0 = 3*l - 2*d - 8, -l + 2*l + d - 1 = 0. Suppose -2*z - 2*h = -64, -l*h - h = -5*z + 184. Is z prime?
False
Let q(b) be the third derivative of b**5/60 + b**4/6 - b**3/3 + 3*b**2. Let f be q(-5). Suppose -4*t - t = -f*j + 3156, 4*j = -3*t + 4237. Is j composite?
True
Suppose -6*y = -7*y - 2*y. Let z = -111 - -160. Suppose y = -h + 4*d + z, d + 18 = -h + 52. Is h composite?
False
Suppose -3*w - 3 = -2*h, 3*h + 3*w - 8 = 4. Suppose -8*u + 15010 = -3*u + h*o, o = 5. Is u a composite number?
False
Let v(p) = p + 12. Let k(x) = -4*x - 49. Let l(y) = 2*k(y) + 9*v(y). Let c(a) = -a**2 + 5*a + 1. Let m be c(4). Is l(m) a composite number?
True
Let o = -10 - -10. Suppose o*r = -4*r - 88. Is (r/4)/(3/(-42)) a prime number?
False
Suppose m = 5*f - 9*f + 4001, 5*f - 20 = 0. Is m a composite number?
True
Let k(z) = 127*z**2 - 16*z - 44. Is k(13) composite?
False
Let r be 1/(-4) - 245/(-20